What is the highest common divisor of 7 and g?
7
Let w(k) = -k**3 - 3*k**2 + k + 9. Let s be w(-3). What is the greatest common divisor of 78 and s?
6
Suppose 74 = 4*y - 70. What is the highest common factor of y and 12?
12
Let g = -250 - -409. What is the highest common divisor of g and 53?
53
Suppose 5*a - 35 = 5. Suppose -5*u + 36 = -q + 141, 0 = q + u - 93. Let p = -63 + q. Calculate the greatest common factor of a and p.
8
Let a(j) = j**3 + 10*j**2 - 3*j - 4. Let f be a(-9). What is the highest common factor of f and 26?
26
Let h be 79/7 - 6/21. Calculate the highest common factor of h and 77.
11
Let d = 12 + 73. Let y = d - 59. Suppose 4*t - 36 = 2*u, -3*u + y = 4*t - 0. What is the highest common divisor of t and 8?
8
Let j be 4 + (0 - 0) - 204/(-1). What is the highest common divisor of 26 and j?
26
Suppose -4*t + 2 = -2. Let h = 7 - t. What is the highest common factor of h and 15?
3
Suppose -3*m = -x + m + 8, -24 = -3*x - 3*m. Suppose -3*y + 5*d = 0, -y = d - 0*d - x. Calculate the greatest common factor of 25 and y.
5
Let s = 22 + -4. What is the greatest common factor of 27 and s?
9
Suppose 2*a - 28 = -24. What is the highest common factor of a and 10?
2
Let a(x) = x**3 + 7*x**2 - 2*x. Suppose -r + m - 9 = 0, -5*r - 4*m - 5 = 4. Let n be a(r). Calculate the greatest common factor of 15 and n.
15
Let l(t) = -t**2 - 10*t + 5. Let s be l(-9). Let h(n) = 31*n + 2. Let q be h(4). What is the greatest common divisor of q and s?
14
Let q(a) = a**3 + 6*a**2 - a - 4. Let y be q(-6). Suppose -y*f - 3*b = -3*f + 21, 2*b - 2 = -2*f. Calculate the greatest common factor of f and 12.
6
Suppose -4*o + 15 = -41. Let w = 11 - -3. Calculate the greatest common factor of w and o.
14
Suppose 5*m = -21 + 121. Suppose -h - 4*h = m, 3*y + h = 461. Let n = -36 + y. What is the highest common divisor of 17 and n?
17
Suppose 4 - 16 = -3*r. Let v = -71 + 21. Let l = -34 - v. Calculate the highest common factor of r and l.
4
Let v(b) = -11*b**3 + b + 1. Let x be v(-1). Suppose 5*t - 3*t = 6, -3*d - 4*t = -72. Let m be (121/4)/(5/d). Calculate the greatest common factor of m and x.
11
Let g(n) be the third derivative of -3*n**2 + 1/3*n**3 - 1/12*n**4 + 0*n + 0. Let x be g(-7). What is the greatest common divisor of 8 and x?
8
Suppose 2*m - 4*m + 332 = 0. Suppose -3*y - 59 = -u, -2*u - u + m = 2*y. Let t be 0 - 0 - 1*-14. What is the greatest common factor of u and t?
14
Let l be (-2)/2 + 1*4. Let u = 89 - 41. Suppose -l*h + u = h. Calculate the highest common divisor of 4 and h.
4
Suppose -4*n + 2*x + 38 = 0, x + 11 + 17 = 3*n. Calculate the highest common divisor of 63 and n.
9
Let f be (-6)/8*1*-24. Suppose 4*z - 3*q = 60, -2*z = -4*z - 3*q + 12. Calculate the highest common divisor of z and f.
6
Let g be 6/(-4) + (-5)/(-10). Let t = g - -64. Calculate the highest common factor of t and 9.
9
Let k = -22 - -13. Let d = 24 + k. Suppose -2*s - 5*a + 22 = 0, 4*s - 3*a - a - 16 = 0. What is the highest common divisor of s and d?
3
Let u be 52*(1 + 2) + -3. Calculate the greatest common divisor of 17 and u.
17
Let h(l) = 19*l - 7. Let b be (-5)/10 + (-21)/(-6). Let g be h(b). Calculate the highest common factor of 10 and g.
10
Suppose 5*t - 24 = t. What is the greatest common factor of 114 and t?
6
Let v(m) = m**2 - 8*m + 2. Suppose 2*t = 27 - 11. Let l be v(t). Suppose 2 = -2*h + 4*z, l*h - 10 = 2*z - z. Calculate the highest common divisor of h and 7.
7
Let u(f) = -f - 8. Let c be u(-5). Let l(n) = 2*n**2 + 2*n - 4. Let s be l(c). Suppose 0 = -3*r - 8 + 32. Calculate the highest common factor of s and r.
8
Suppose 3*w = -6, 0*w + 2*w = -5*y + 491. Let m(a) = a + 9. Let j be m(0). What is the greatest common divisor of j and y?
9
Let v be 186/9*(2 - -1). Suppose -5*p = 22 - v. Calculate the highest common factor of 72 and p.
8
Let s = -72 + 82. What is the greatest common divisor of s and 20?
10
Let m be (-2)/6*45/(-3). What is the highest common factor of 5 and m?
5
Suppose 0*d = -3*d + 6. Let f be d + 1*(-6)/(-2). Let l be f/(45/6)*9. Calculate the greatest common divisor of l and 18.
6
Let j be 271/13 + 4/26. Calculate the greatest common factor of 28 and j.
7
Let w(t) = -t - 3. Let q be w(-5). Suppose 2*o + 8 = 32. Suppose -14*v = -o*v - 36. Calculate the highest common factor of v and q.
2
Let q(t) = 2*t + 0*t + t**3 + 10*t**2 - 2*t - 2. Let l be q(-10). Let c be (-117)/(-3 - l) - -2. Calculate the highest common factor of c and 17.
17
Suppose 0 = i - 3*w - 2*w - 42, -3*w - 210 = -5*i. Suppose -2*j + 48 = 2*l, -l + 8*j - 3*j + i = 0. What is the highest common factor of l and 9?
9
Let j(w) = w**3 + 28*w**2 + 8. Let m be j(-28). Calculate the highest common factor of m and 40.
8
Let j = -10 - -7. Let g be (-5 - -2)*3*j. Calculate the highest common divisor of 9 and g.
9
Suppose 5*s + 2 = -8. Let r be s*(63/(-2) + 0). Let l = 2 - -7. Calculate the greatest common divisor of l and r.
9
Let i = 9 - -17. What is the greatest common divisor of i and 208?
26
Suppose m + 5*z = 29, -4*m - 4*z + 28 = -2*m. Suppose -45 = m*u + u. Let t be (-272)/(-6) - (-3)/u. What is the greatest common factor of t and 15?
15
Let u = 141 - 99. Calculate the highest common factor of 12 and u.
6
Suppose 0 = 5*a + 3*v - 59, 5*a = 5*v + 17 + 18. Calculate the greatest common factor of a and 10.
10
Suppose -3*v + v - 290 = 0. Let z = -49 - v. Let g be 1/(-2) - (-50)/4. What is the greatest common factor of z and g?
12
Let l(p) be the second derivative of 7*p**3/3 - 4*p**2 + 4*p. Let x be l(4). Calculate the greatest common factor of 24 and x.
24
Let q be (-253)/(-3) - (-2)/(-6). Let u = 6 + 6. Calculate the greatest common factor of u and q.
12
Suppose 3*t + 144 = 3*f, -2*f + 49 = 3*t - 57. Calculate the greatest common factor of f and 5.
5
Suppose -4*f = -3*f - 216. Calculate the greatest common factor of 24 and f.
24
Suppose 0 = 2*n - 6 - 0. Suppose 0*f + 36 = n*f. Suppose -4*t - 3*x + x = -232, 2*t - 3*x - 132 = 0. Calculate the greatest common divisor of f and t.
12
Let j = 155 - 139. Calculate the greatest common factor of 144 and j.
16
Let t(f) = -f**3 + 13*f**2 - 10*f - 5. Let x be t(12). Calculate the highest common factor of 171 and x.
19
Let m(f) = -f**3 - f**2 + 22. Let h = 3 - 3. Let t be m(h). Suppose 0 = -2*i - 5*k + t, 2*i - 2*k - 10 = -k. What is the highest common factor of 48 and i?
6
Let p(o) = 3 - 1 + 1 - o**2 - 3*o + 11*o. Let h be p(8). What is the greatest common divisor of 15 and h?
3
Suppose 16 = 10*w - 9*w. Calculate the highest common divisor of w and 176.
16
Let j(y) = -3*y - 3. Let u be j(-2). Suppose 1 - 5 = -2*b. Suppose 2*c - u = 3*v, v = b*c + 3*v - 18. Calculate the greatest common divisor of c and 6.
6
Let g = 7 - 10. Let p = 2 - g. Let a(f) = f**3 - 5*f**2 + 4*f. Let u be a(p). What is the greatest common divisor of 8 and u?
4
Let j be 12/(-30)*(-5 + 0). Suppose -j*u - 2*n + 96 = -n, -2*n - 158 = -3*u. Calculate the greatest common divisor of 10 and u.
10
Let r(v) = 15*v - 4. Let h be r(2). What is the greatest common factor of h and 130?
26
Let d be (1 + 0)*(8 + 1). Suppose 2*c - d = 11. Suppose 0*o = 3*o - 120. Calculate the highest common divisor of c and o.
10
Let k = 58 - -40. What is the highest common divisor of 14 and k?
14
Let g be (2 + 0)/(5 + -4). Suppose -t - g*t = -96. Suppose 2*r + 45 = 141. What is the greatest common divisor of t and r?
16
Let b(g) = g**3 - 7*g**2 + 8*g - 5. Let k be b(5). Let p = -1 + k. Let h = 22 + p. Calculate the highest common divisor of h and 42.
6
Suppose -3*j + 1 = -2. Calculate the highest common factor of 16 and j.
1
Suppose 0 = 3*j + 3*n - 3, j + 0*n = -2*n - 1. What is the highest common factor of j and 33?
3
Let c be (-145)/(-15) + (-4)/6. Calculate the greatest common factor of 6 and c.
3
Let m = -9 + 5. Let v be m + 1 - -23*1. Calculate the greatest common divisor of v and 180.
20
Let w be 6 + 2 + -5 + -1. Suppose 4*f - w*f + 42 = 2*k, -109 = -5*k + 3*f. Calculate the highest common factor of 115 and k.
23
Suppose 0*u + 39 = 3*u. Calculate the highest common divisor of u and 65.
13
Suppose 312 = 4*a - 336. Calculate the highest common factor of 18 and a.
18
Suppose 0 = -4*y + 136 - 16. Calculate the highest common factor of 6 and y.
6
Suppose 2*j + 0 - 108 = 0. What is the greatest common divisor of 8